{"id":1160,"date":"2016-07-04T05:45:51","date_gmt":"2016-07-04T05:45:51","guid":{"rendered":"https:\/\/www.primarycaregenetics.org\/?page_id=1160"},"modified":"2018-02-17T21:11:45","modified_gmt":"2018-02-17T21:11:45","slug":"namsefni","status":"publish","type":"page","link":"https:\/\/www.primarycaregenetics.org\/?page_id=1160&lang=is","title":{"rendered":"N\u00e1msefni"},"content":{"rendered":"<p>H\u00e9r \u00ed fellilistanum eru netn\u00e1mskei\u00f0 \u00ed \u00fdmsu sem snertir erf\u00f0afr\u00e6\u00f0i, arfgent brj\u00f3sta- og ristilkrabbamein, arfbundinni k\u00f3lester\u00f3lh\u00e6kkun og fj\u00f6gur sem tengjast me\u00f0g\u00f6ngu. &nbsp;N\u00e1mskei\u00f0in eru \u00f3keypis og vottu\u00f0 af European Accreditation Network. \u00dea\u00f0 eru b\u00e6\u00f0i spurningar og kennsluefni og gott er a\u00f0 fara fyrst \u00ed gegnum spurningarnar og taka svo n\u00e1mskei\u00f0i\u00f0. \u00dea\u00f0 er h\u00e6gt a\u00f0 svara spurningunum aftur eftir a\u00f0 n\u00e1mskei\u00f0inu l\u00fdkur.<\/p>\n<p>Ef \u00fe\u00fa vilt taka n\u00e1mskei\u00f0in \u00e1 \u00f6\u00f0ru tungum\u00e1li &#8211; far\u00f0u \u00fe\u00e1 \u00e1 https:\/\/plymouth.ac.uk og skr\u00e1\u00f0u \u00feig inn. \u00de\u00fa finnur n\u00e1mskei\u00f0in undir open learning &#8211; Gen-Equip &#8211; Genetics education for primary care. Tungum\u00e1lin eru Enska, \u00cdtalska, Port\u00fagalska og Hollenska.<\/p>\n<p>N\u00e1msefni\u00f0 er byggt \u00e1 tilfellum sem \u00feessum sem oft koma fyrir \u00ed grunn\u00fej\u00f3nustu:<br \/>\n<strong>N\u00e1mseiningarnar&nbsp;eru bygg\u00f0ar \u00e1 tilfellum sem geta komi\u00f0 upp \u00ed grunnheilbrig\u00f0is\u00fej\u00f3nustu. Eftirfarandi tilfelli eru bygg\u00f0 \u00e1 sl\u00edkum d\u00e6mum. &nbsp;G\u00e6tir \u00fe\u00fa leyst \u00feau?<\/strong><\/p>\n<p><strong>T\u00f3mas<\/strong><\/p>\n<p>T\u00f3mas er 32 \u00e1ra karlma\u00f0ur sem leitar \u00e1 heilsug\u00e6slust\u00f6\u00f0ina. Hann hefur komi\u00f0 til \u00fe\u00edn \u00e1\u00f0ur og \u00fe\u00fa \u00feekkir vel til hans. T\u00f3mas er l\u00edkamlega mj\u00f6g vel \u00e1 sig komin en hefur \u00e1tt vi\u00f0 mei\u00f0sli a\u00f0 str\u00ed\u00f0a vegna f\u00f3tboltai\u00f0kunar.<\/p>\n<p>Hann segist hafa teki\u00f0 eftir \u00fev\u00ed a\u00f0 h\u00e6g\u00f0ir hans s\u00e9u oft mj\u00f6g d\u00f6kkar \u00e1 lit og bl\u00f3\u00f0flekkir \u00ed \u00feeim. \u00deetta hefur veri\u00f0 raunin n\u00e1nast daglega \u00ed um 2 m\u00e1nu\u00f0i. Eiginkona hans kraf\u00f0ist \u00feess a\u00f0 hann k\u00e6mi til \u00fe\u00edn. Hann er auglj\u00f3slega \u00ed uppn\u00e1mi, tauga\u00f3styrkur og vandr\u00e6\u00f0alegur. Hann segist vera hr\u00e6ddur um a\u00f0 \u00feetta g\u00e6ti veri\u00f0 krabbamein.<\/p>\n<p><strong>Helena<\/strong><\/p>\n<p>Helena er 32 \u00e1ra kona vi\u00f0 g\u00f3\u00f0a heilsu. H\u00fan leitar \u00e1 heilsug\u00e6sluna vegna \u00feess a\u00f0 systir hennar hefur n\u00fdlega veri\u00f0 greind me\u00f0 brj\u00f3stakrabbamein, &nbsp;37 \u00e1ra g\u00f6mul. Helena hefur \u00e1hyggjur af sj\u00e1lfri s\u00e9r og 13 \u00e1ra d\u00f3ttur sinni. H\u00fan vill fara \u00ed brj\u00f3staeftirlit.<\/p>\n<p><strong>Soff\u00eda<\/strong><\/p>\n<p>Soff\u00eda er 28 \u00e1ra g\u00f6mul kona sem leitar \u00e1 heilsug\u00e6slust\u00f6\u00f0ina til a\u00f0 f\u00e1 svefnlyf. H\u00fan hefur ekki sofi\u00f0 vel s\u00ed\u00f0an systir hennar l\u00e9st mj\u00f6g \u00f3v\u00e6nt og sn\u00f6gglega \u00far \u00fev\u00ed sem tali\u00f0 var \u00f3greint hjartavandam\u00e1l. &nbsp;H\u00fan hefur \u00e1hyggjur af sj\u00e1lfri s\u00e9r og tveimur ungum b\u00f6rnum s\u00ednum.<\/p>\n<p><strong>Magni<\/strong><\/p>\n<p>Mar\u00eda er n\u00fdr sj\u00faklingur \u00e1 heilsug\u00e6slust\u00f6\u00f0inni. H\u00fan kemur \u00e1 \u00feinn fund me\u00f0 son sinn Magna en hann er 19 m\u00e1na\u00f0a gamall. Systir Mar\u00edu \u00e1 barn \u00e1 svipu\u00f0um aldri og Mar\u00eda hefur teki\u00f0 eftir a\u00f0 \u00fea\u00f0 \u00feroskast hra\u00f0ar en Magni. H\u00fan hefur \u00e1hyggjur af \u00fev\u00ed a\u00f0 hann geti ekki gengi\u00f0 \u00e1n stu\u00f0nings og segi bara tv\u00f6 or\u00f0 (pabbi og drekka). Hann&nbsp; skrei\u00f0 fyrst um 16 m\u00e1na\u00f0a aldur.<\/p>\n<p><strong>L\u00edna og Georg<\/strong><\/p>\n<p>L\u00edna og Georg koma \u00e1 \u00feinn fund vegna \u00feess a\u00f0 \u00feau vilja stofna fj\u00f6lskyldu. \u00deau hafa \u00e1hyggjur af \u00fev\u00ed a\u00f0 m\u00f3\u00f0ir L\u00ednu missti tv\u00f6 b\u00f6rn \u00e1 seinni hluta me\u00f0g\u00f6ngu einu sinni f\u00f3stur. \u00deau vita ekki af hverju \u00fea\u00f0 var.<\/p>\n<p><strong>J\u00f3n<\/strong><\/p>\n<p>J\u00f3n er 53 \u00e1ra karlma\u00f0ur. Hann er vi\u00f0 g\u00f3\u00f0a heilsu og hefur komi\u00f0 til \u00fe\u00edn \u00ed flensusprautur (hann vinnur vi\u00f0 um\u00f6nnun aldra\u00f0ra). Hann minnist \u00feess a\u00f0 m\u00f3\u00f0ir hans l\u00e9st af elligl\u00f6pum \u00feegar h\u00fan var 65 \u00e1ra g\u00f6mul og spyr hvort \u00fe\u00fa getir gert erf\u00f0aranns\u00f3kn fyrir einhverju sem sk\u00fdrt geti elligl\u00f6p.<\/p>\n<p><strong>El\u00edsabet<\/strong><\/p>\n<p>El\u00edsabet kemur \u00e1 heilsug\u00e6sluna \u00ed s\u00edna fyrstu sko\u00f0un \u00ed m\u00e6\u00f0ravernd. H\u00fan er 24 \u00e1ra g\u00f6mul, heilsuhraust og er gengin 9 vikur \u00e1 sinni fyrstu me\u00f0g\u00f6ngu. H\u00fan er af \u00edt\u00f6lskum uppruna og maki hennar Karl er einnig \u00edtalskur og fr\u00e1 svipu\u00f0um sl\u00f3\u00f0um og h\u00fan.<\/p>\n<p><strong>Marta<\/strong><\/p>\n<p>Marta er 35 \u00e1ra g\u00f6mul kona og hefur veri\u00f0 sj\u00faklingur \u00feinn til fj\u00f6lda \u00e1ra. H\u00fan var greind me\u00f0 flogaveiki \u00feegar h\u00fan var 19 \u00e1ra g\u00f6mul en einkenni veri\u00f0 \u00f3breytt sl. \u00e1tta \u00e1r. H\u00fan er n\u00fa \u00f3fr\u00edsk, gengin 7 vikur og vill vera viss um a\u00f0 barn hennar s\u00e9 heilbrigt.<\/p>\n","protected":false},"excerpt":{"rendered":"<p>H\u00e9r \u00ed fellilistanum eru netn\u00e1mskei\u00f0 \u00ed \u00fdmsu sem snertir erf\u00f0afr\u00e6\u00f0i, arfgent brj\u00f3sta- og ristilkrabbamein, arfbundinni k\u00f3lester\u00f3lh\u00e6kkun og fj\u00f6gur sem tengjast me\u00f0g\u00f6ngu. &nbsp;N\u00e1mskei\u00f0in eru \u00f3keypis og vottu\u00f0 af European Accreditation Network. \u00dea\u00f0 eru b\u00e6\u00f0i spurningar og kennsluefni og gott er a\u00f0 fara fyrst \u00ed gegnum spurningarnar og taka svo n\u00e1mskei\u00f0i\u00f0. \u00dea\u00f0 er h\u00e6gt a\u00f0 svara spurningunum aftur eftir a\u00f0 n\u00e1mskei\u00f0inu l\u00fdkur. Ef \u00fe\u00fa vilt taka n\u00e1mskei\u00f0in \u00e1 \u00f6\u00f0ru tungum\u00e1li &#8211; far\u00f0u \u00fe\u00e1 \u00e1 https:\/\/plymouth.ac.uk og skr\u00e1\u00f0u \u00feig inn. \u00de\u00fa finnur n\u00e1mskei\u00f0in [&#8230;]<\/p>\n","protected":false},"author":3,"featured_media":0,"parent":0,"menu_order":0,"comment_status":"closed","ping_status":"closed","template":"","meta":{"ngg_post_thumbnail":0},"_links":{"self":[{"href":"https:\/\/www.primarycaregenetics.org\/index.php?rest_route=\/wp\/v2\/pages\/1160"}],"collection":[{"href":"https:\/\/www.primarycaregenetics.org\/index.php?rest_route=\/wp\/v2\/pages"}],"about":[{"href":"https:\/\/www.primarycaregenetics.org\/index.php?rest_route=\/wp\/v2\/types\/page"}],"author":[{"embeddable":true,"href":"https:\/\/www.primarycaregenetics.org\/index.php?rest_route=\/wp\/v2\/users\/3"}],"replies":[{"embeddable":true,"href":"https:\/\/www.primarycaregenetics.org\/index.php?rest_route=%2Fwp%2Fv2%2Fcomments&post=1160"}],"version-history":[{"count":9,"href":"https:\/\/www.primarycaregenetics.org\/index.php?rest_route=\/wp\/v2\/pages\/1160\/revisions"}],"predecessor-version":[{"id":2595,"href":"https:\/\/www.primarycaregenetics.org\/index.php?rest_route=\/wp\/v2\/pages\/1160\/revisions\/2595"}],"wp:attachment":[{"href":"https:\/\/www.primarycaregenetics.org\/index.php?rest_route=%2Fwp%2Fv2%2Fmedia&parent=1160"}],"curies":[{"name":"wp","href":"https:\/\/api.w.org\/{rel}","templated":true}]}}