{"id":1220,"date":"2016-05-22T05:06:01","date_gmt":"2016-05-22T05:06:01","guid":{"rendered":"https:\/\/www.primarycaregenetics.org\/?page_id=1220"},"modified":"2019-07-09T10:27:33","modified_gmt":"2019-07-09T10:27:33","slug":"webinare","status":"publish","type":"page","link":"https:\/\/www.primarycaregenetics.org\/?page_id=1220&lang=cz","title":{"rendered":"Webin\u00e1\u0159e"},"content":{"rendered":"<p>V r\u00e1mci projektu Gen-Equip prob\u011bhla s\u00e9rie \u0161esti webin\u00e1\u0159\u016f zam\u011b\u0159en\u00fdch na zv\u00fd\u0161en\u00ed pov\u011bdom\u00ed odborn\u00e9 ve\u0159ejnosti o genetick\u00e9 problematice.<\/p>\n<p>Z\u00e1znamy webin\u00e1\u0159\u016f si m\u016f\u017eete prohl\u00e9dnout po kliknut\u00ed na n\u00e1sleduj\u00edc\u00ed odkazy. <span style=\"text-decoration: underline;\"><strong>V<\/strong><strong>y\u017e\u00e1dan\u00e9 registra\u010dn\u00ed \u00fadaje nejsou d\u00e1le zpracov\u00e1v\u00e1ny.<\/strong><\/span><\/p>\n<p>Ka\u017ed\u00fd webin\u00e1\u0159 je dlouh\u00fd cca 20-30 minut<\/p>\n<p><strong>1.Co m\u016f\u017ee odhalit rodinn\u00e1 anamn\u00e9za?<\/strong><\/p>\n<div style=\"width: 260px;\" class=\"wp-video\"><!--[if lt IE 9]><script>document.createElement('video');<\/script><![endif]-->\n<video class=\"wp-video-shortcode\" id=\"video-1220-1\" width=\"260\" height=\"160\" poster=\"https:\/\/www.primarycaregenetics.org\/wp-content\/uploads\/2017\/06\/cropped.jpg\" preload=\"metadata\" controls=\"controls\"><source type=\"video\/mp4\" src=\"https:\/\/www.primarycaregenetics.org\/wp-content\/uploads\/2019\/07\/Gen-Equip-Czech-webinar-1.mp4?_=1\" \/><a href=\"https:\/\/www.primarycaregenetics.org\/wp-content\/uploads\/2019\/07\/Gen-Equip-Czech-webinar-1.mp4\">https:\/\/www.primarycaregenetics.org\/wp-content\/uploads\/2019\/07\/Gen-Equip-Czech-webinar-1.mp4<\/a><\/video><\/div>\n<p><strong>2.Typy d\u011bdi\u010dnosti<\/strong><\/p>\n<div style=\"width: 260px;\" class=\"wp-video\"><video class=\"wp-video-shortcode\" id=\"video-1220-2\" width=\"260\" height=\"160\" poster=\"https:\/\/www.primarycaregenetics.org\/wp-content\/uploads\/2017\/06\/cropped.jpg\" preload=\"metadata\" controls=\"controls\"><source type=\"video\/mp4\" src=\"https:\/\/www.primarycaregenetics.org\/wp-content\/uploads\/2019\/07\/Gen-Equip-Czech-webinar-2.mp4?_=2\" \/><a href=\"https:\/\/www.primarycaregenetics.org\/wp-content\/uploads\/2019\/07\/Gen-Equip-Czech-webinar-2.mp4\">https:\/\/www.primarycaregenetics.org\/wp-content\/uploads\/2019\/07\/Gen-Equip-Czech-webinar-2.mp4<\/a><\/video><\/div>\n<p><strong>3.Porozum\u011bn\u00ed v\u00fdsledk\u016fm genetick\u00fdch test\u016f<\/strong><\/p>\n<div style=\"width: 260px;\" class=\"wp-video\"><video class=\"wp-video-shortcode\" id=\"video-1220-3\" width=\"260\" height=\"160\" poster=\"https:\/\/www.primarycaregenetics.org\/wp-content\/uploads\/2017\/06\/cropped.jpg\" preload=\"metadata\" controls=\"controls\"><source type=\"video\/mp4\" src=\"https:\/\/www.primarycaregenetics.org\/wp-content\/uploads\/2019\/07\/Gen-Equip-Czech-webinar-3.mp4?_=3\" \/><a href=\"https:\/\/www.primarycaregenetics.org\/wp-content\/uploads\/2019\/07\/Gen-Equip-Czech-webinar-3.mp4\">https:\/\/www.primarycaregenetics.org\/wp-content\/uploads\/2019\/07\/Gen-Equip-Czech-webinar-3.mp4<\/a><\/video><\/div>\n<p><strong>4.Tvorba rodokmenu<\/strong><\/p>\n<div style=\"width: 260px;\" class=\"wp-video\"><video class=\"wp-video-shortcode\" id=\"video-1220-4\" width=\"260\" height=\"160\" poster=\"https:\/\/www.primarycaregenetics.org\/wp-content\/uploads\/2017\/06\/cropped.jpg\" preload=\"metadata\" controls=\"controls\"><source type=\"video\/mp4\" src=\"https:\/\/www.primarycaregenetics.org\/wp-content\/uploads\/2019\/07\/Gen-Equip-Czech-webinar-4.mp4?_=4\" \/><a href=\"https:\/\/www.primarycaregenetics.org\/wp-content\/uploads\/2019\/07\/Gen-Equip-Czech-webinar-4.mp4\">https:\/\/www.primarycaregenetics.org\/wp-content\/uploads\/2019\/07\/Gen-Equip-Czech-webinar-4.mp4<\/a><\/video><\/div>\n<p><a href=\"https:\/\/attendee.gotowebinar.com\/recording\/1202406509977877761\">5. Prenat\u00e1ln\u00ed diagnostika<\/a><\/p>\n<p>&nbsp;<\/p>\n<p><a href=\"https:\/\/attendee.gotowebinar.com\/register\/1316487436675908353\">6. Jak a kdy indikovat pacienta ke genetick\u00e9mu vy\u0161et\u0159en\u00ed<\/a><\/p>\n<p>&nbsp;<\/p>\n","protected":false},"excerpt":{"rendered":"<p>V r\u00e1mci projektu Gen-Equip prob\u011bhla s\u00e9rie \u0161esti webin\u00e1\u0159\u016f zam\u011b\u0159en\u00fdch na zv\u00fd\u0161en\u00ed pov\u011bdom\u00ed odborn\u00e9 ve\u0159ejnosti o genetick\u00e9 problematice. Z\u00e1znamy webin\u00e1\u0159\u016f si m\u016f\u017eete prohl\u00e9dnout po kliknut\u00ed na n\u00e1sleduj\u00edc\u00ed odkazy. Vy\u017e\u00e1dan\u00e9 registra\u010dn\u00ed \u00fadaje nejsou d\u00e1le zpracov\u00e1v\u00e1ny. Ka\u017ed\u00fd webin\u00e1\u0159 je dlouh\u00fd cca 20-30 minut 1.Co m\u016f\u017ee odhalit rodinn\u00e1 anamn\u00e9za? 2.Typy d\u011bdi\u010dnosti 3.Porozum\u011bn\u00ed v\u00fdsledk\u016fm genetick\u00fdch test\u016f 4.Tvorba rodokmenu 5. Prenat\u00e1ln\u00ed diagnostika &nbsp; 6. Jak a kdy indikovat pacienta ke genetick\u00e9mu vy\u0161et\u0159en\u00ed &nbsp;<\/p>\n","protected":false},"author":3,"featured_media":0,"parent":0,"menu_order":0,"comment_status":"closed","ping_status":"closed","template":"template-fullwidth.php","meta":{"ngg_post_thumbnail":0},"_links":{"self":[{"href":"https:\/\/www.primarycaregenetics.org\/index.php?rest_route=\/wp\/v2\/pages\/1220"}],"collection":[{"href":"https:\/\/www.primarycaregenetics.org\/index.php?rest_route=\/wp\/v2\/pages"}],"about":[{"href":"https:\/\/www.primarycaregenetics.org\/index.php?rest_route=\/wp\/v2\/types\/page"}],"author":[{"embeddable":true,"href":"https:\/\/www.primarycaregenetics.org\/index.php?rest_route=\/wp\/v2\/users\/3"}],"replies":[{"embeddable":true,"href":"https:\/\/www.primarycaregenetics.org\/index.php?rest_route=%2Fwp%2Fv2%2Fcomments&post=1220"}],"version-history":[{"count":8,"href":"https:\/\/www.primarycaregenetics.org\/index.php?rest_route=\/wp\/v2\/pages\/1220\/revisions"}],"predecessor-version":[{"id":2908,"href":"https:\/\/www.primarycaregenetics.org\/index.php?rest_route=\/wp\/v2\/pages\/1220\/revisions\/2908"}],"wp:attachment":[{"href":"https:\/\/www.primarycaregenetics.org\/index.php?rest_route=%2Fwp%2Fv2%2Fmedia&parent=1220"}],"curies":[{"name":"wp","href":"https:\/\/api.w.org\/{rel}","templated":true}]}}

Webináře

<p>V rámci projektu Gen-Equip proběhla série šesti webinářů zaměřených na zvýšení povědomí odborné veřejnosti o genetické problematice.</p>
<p>Záznamy webinářů si můžete prohlédnout po kliknutí na následující odkazy. <span style="text-decoration: underline;"><strong>V</strong><strong>yžádané registrační údaje nejsou dále zpracovávány.</strong></span></p>
<p>Každý webinář je dlouhý cca 20-30 minut</p>
<p><strong>1.Co může odhalit rodinná anamnéza?</strong></p>
<div style="width: 260px;" class="wp-video"><!--[if lt IE 9]><script>document.createElement('video');</script><![endif]-->
<video class="wp-video-shortcode" id="video-1220-1" width="260" height="160" poster="https://www.primarycaregenetics.org/wp-content/uploads/2017/06/cropped.jpg" preload="metadata" controls="controls"><source type="video/mp4" src="https://www.primarycaregenetics.org/wp-content/uploads/2019/07/Gen-Equip-Czech-webinar-1.mp4?_=1" /><a href="https://www.primarycaregenetics.org/wp-content/uploads/2019/07/Gen-Equip-Czech-webinar-1.mp4">https://www.primarycaregenetics.org/wp-content/uploads/2019/07/Gen-Equip-Czech-webinar-1.mp4</a></video></div>
<p><strong>2.Typy dědičnosti</strong></p>
<div style="width: 260px;" class="wp-video"><video class="wp-video-shortcode" id="video-1220-2" width="260" height="160" poster="https://www.primarycaregenetics.org/wp-content/uploads/2017/06/cropped.jpg" preload="metadata" controls="controls"><source type="video/mp4" src="https://www.primarycaregenetics.org/wp-content/uploads/2019/07/Gen-Equip-Czech-webinar-2.mp4?_=2" /><a href="https://www.primarycaregenetics.org/wp-content/uploads/2019/07/Gen-Equip-Czech-webinar-2.mp4">https://www.primarycaregenetics.org/wp-content/uploads/2019/07/Gen-Equip-Czech-webinar-2.mp4</a></video></div>
<p><strong>3.Porozumění výsledkům genetických testů</strong></p>
<div style="width: 260px;" class="wp-video"><video class="wp-video-shortcode" id="video-1220-3" width="260" height="160" poster="https://www.primarycaregenetics.org/wp-content/uploads/2017/06/cropped.jpg" preload="metadata" controls="controls"><source type="video/mp4" src="https://www.primarycaregenetics.org/wp-content/uploads/2019/07/Gen-Equip-Czech-webinar-3.mp4?_=3" /><a href="https://www.primarycaregenetics.org/wp-content/uploads/2019/07/Gen-Equip-Czech-webinar-3.mp4">https://www.primarycaregenetics.org/wp-content/uploads/2019/07/Gen-Equip-Czech-webinar-3.mp4</a></video></div>
<p><strong>4.Tvorba rodokmenu</strong></p>
<div style="width: 260px;" class="wp-video"><video class="wp-video-shortcode" id="video-1220-4" width="260" height="160" poster="https://www.primarycaregenetics.org/wp-content/uploads/2017/06/cropped.jpg" preload="metadata" controls="controls"><source type="video/mp4" src="https://www.primarycaregenetics.org/wp-content/uploads/2019/07/Gen-Equip-Czech-webinar-4.mp4?_=4" /><a href="https://www.primarycaregenetics.org/wp-content/uploads/2019/07/Gen-Equip-Czech-webinar-4.mp4">https://www.primarycaregenetics.org/wp-content/uploads/2019/07/Gen-Equip-Czech-webinar-4.mp4</a></video></div>
<p><a href="https://attendee.gotowebinar.com/recording/1202406509977877761">5. Prenatální diagnostika</a></p>
<p>&nbsp;</p>
<p><a href="https://attendee.gotowebinar.com/register/1316487436675908353">6. Jak a kdy indikovat pacienta ke genetickému vyšetření</a></p>
<p>&nbsp;</p>

<p>V rámci projektu Gen-Equip proběhla série šesti webinářů zaměřených na zvýšení povědomí odborné veřejnosti o genetické problematice. Záznamy webinářů si můžete prohlédnout po kliknutí na následující odkazy. Vyžádané registrační údaje nejsou dále zpracovávány. Každý webinář je dlouhý cca 20-30 minut 1.Co může odhalit rodinná anamnéza? 2.Typy dědičnosti 3.Porozumění výsledkům genetických testů 4.Tvorba rodokmenu 5. Prenatální diagnostika &nbsp; 6. Jak a kdy indikovat pacienta ke genetickému vyšetření &nbsp;</p>
