{"id":1236,"date":"2016-05-22T05:16:20","date_gmt":"2016-05-22T05:16:20","guid":{"rendered":"https:\/\/www.primarycaregenetics.org\/?page_id=1236"},"modified":"2018-12-14T12:57:40","modified_gmt":"2018-12-14T12:57:40","slug":"kontakt","status":"publish","type":"page","link":"https:\/\/www.primarycaregenetics.org\/?page_id=1236&lang=cz","title":{"rendered":"Kontakt"},"content":{"rendered":"<p>Pokud si p\u0159ejete v\u00edce informac\u00ed nebo n\u00e1m chcete podat zp\u011btnou vazbu, kontaktujte vedouc\u00ed projektu&nbsp;Vaclava.Curtisova@fnol.cz<\/p>\n<p>England:<\/p>\n<div>Dr Leigh Jackson<\/div>\n<div>Lecturer in Genomic Medicine<\/div>\n<div>University of Exeter Medical School<\/div>\n<div>Tel: +44 (0)1392 408328<\/div>\n<div>&nbsp;<\/div>\n<div>University of Exeter Medical School,<\/div>\n<div>RILD Level 4,<\/div>\n<div>Royal Devon &amp;amp; Exeter Hospital,<\/div>\n<div>Barrack Road, Exeter, EX2 5DW<\/div>\n<div>&nbsp;<\/div>\n<div>&lt;a href=&#8221;mailto:l.jackson2@exeter.ac.uk&#8221;&gt;l.jackson2@exeter.ac.uk&lt;\/a&gt;<\/div>\n","protected":false},"excerpt":{"rendered":"<p>Pokud si p\u0159ejete v\u00edce informac\u00ed nebo n\u00e1m chcete podat zp\u011btnou vazbu, kontaktujte vedouc\u00ed projektu&nbsp;Vaclava.Curtisova@fnol.cz England: Dr Leigh Jackson Lecturer in Genomic Medicine University of Exeter Medical School Tel: +44 (0)1392 408328 &nbsp; University of Exeter Medical School, RILD Level 4, Royal Devon &amp;amp; Exeter Hospital, Barrack Road, Exeter, EX2 5DW &nbsp; &lt;a href=&#8221;mailto:l.jackson2@exeter.ac.uk&#8221;&gt;l.jackson2@exeter.ac.uk&lt;\/a&gt;<\/p>\n","protected":false},"author":3,"featured_media":0,"parent":0,"menu_order":0,"comment_status":"closed","ping_status":"closed","template":"template-fullwidth.php","meta":{"ngg_post_thumbnail":0},"_links":{"self":[{"href":"https:\/\/www.primarycaregenetics.org\/index.php?rest_route=\/wp\/v2\/pages\/1236"}],"collection":[{"href":"https:\/\/www.primarycaregenetics.org\/index.php?rest_route=\/wp\/v2\/pages"}],"about":[{"href":"https:\/\/www.primarycaregenetics.org\/index.php?rest_route=\/wp\/v2\/types\/page"}],"author":[{"embeddable":true,"href":"https:\/\/www.primarycaregenetics.org\/index.php?rest_route=\/wp\/v2\/users\/3"}],"replies":[{"embeddable":true,"href":"https:\/\/www.primarycaregenetics.org\/index.php?rest_route=%2Fwp%2Fv2%2Fcomments&post=1236"}],"version-history":[{"count":3,"href":"https:\/\/www.primarycaregenetics.org\/index.php?rest_route=\/wp\/v2\/pages\/1236\/revisions"}],"predecessor-version":[{"id":2785,"href":"https:\/\/www.primarycaregenetics.org\/index.php?rest_route=\/wp\/v2\/pages\/1236\/revisions\/2785"}],"wp:attachment":[{"href":"https:\/\/www.primarycaregenetics.org\/index.php?rest_route=%2Fwp%2Fv2%2Fmedia&parent=1236"}],"curies":[{"name":"wp","href":"https:\/\/api.w.org\/{rel}","templated":true}]}}