{"id":1382,"date":"2016-07-04T06:26:04","date_gmt":"2016-07-04T06:26:04","guid":{"rendered":"https:\/\/www.primarycaregenetics.org\/?page_id=1382"},"modified":"2019-06-28T06:23:03","modified_gmt":"2019-06-28T06:23:03","slug":"ad-taka-fjolskyldusogu","status":"publish","type":"page","link":"https:\/\/www.primarycaregenetics.org\/?page_id=1382&lang=is","title":{"rendered":"A\u00f0 taka fj\u00f6lskyldus\u00f6gu"},"content":{"rendered":"<p>Myndband (webinar) \u00e1 \u00edslensku um \u00fea\u00f0 hvernig taka \u00e1 fj\u00f6lskyldus\u00f6gu&nbsp;<a href=\"https:\/\/www.primarycaregenetics.org\/wp-content\/uploads\/2017\/06\/2017-04-30-10.42-A\u00f0-taka-fj\u00f6lskyldus\u00f6gu.mp4\">https:\/\/www.primarycaregenetics.org\/wp-content\/uploads\/2017\/06\/2017-04-30-10.42-A\u00f0-taka-fj\u00f6lskyldus\u00f6gu.mp4<\/a><\/p>\n<p>Myndband (webinar) \u00e1 \u00edslensku um \u00fea\u00f0 hvernig teikna \u00e1 fj\u00f6lskyldus\u00f6gu&nbsp;<a href=\"https:\/\/www.primarycaregenetics.org\/wp-content\/uploads\/2017\/06\/2017-04-30-11.23-A\u00f0-teikna-\u00e6ttartr\u00e9.mp4\">https:\/\/www.primarycaregenetics.org\/wp-content\/uploads\/2017\/06\/2017-04-30-11.23-A\u00f0-teikna-\u00e6ttartr\u00e9.mp4<\/a><\/p>\n<p>Myndband (\u00e1 ensku) sem s\u00fdnir hvernig taka \u00e1 <a href=\"https:\/\/www.youtube.com\/watch?v=w-gTrIxxB2Q\" target=\"_blank\" rel=\"noopener noreferrer\">fj\u00f6lskyldus\u00f6gu<\/a><\/p>\n<p>H\u00e9r er vinnubla\u00f0 sem gott er a\u00f0 nota \u00feegar tekin er fj\u00f6lskyldusaga og&nbsp;<a href=\"https:\/\/www.primarycaregenetics.org\/wp-content\/uploads\/2016\/02\/Family-pedigree-drawing-blank-sheet.pdf\">autt bla\u00f0 fyrir \u00e6ttartr\u00e9<\/a>.&nbsp;&nbsp;H\u00e6gt er a\u00f0 prenta \u00feau \u00fat.<\/p>\n<p><img loading=\"lazy\" class=\"alignleft size-thumbnail wp-image-590\" src=\"https:\/\/www.primarycaregenetics.org\/wp-content\/uploads\/2015\/10\/0623_Drawing_a_FHx_worksheet-300x213.jpg\" alt=\"0623_Drawing_a_FHx_worksheet\" width=\"300\" height=\"213\" srcset=\"https:\/\/www.primarycaregenetics.org\/wp-content\/uploads\/2015\/10\/0623_Drawing_a_FHx_worksheet-300x213.jpg 300w, https:\/\/www.primarycaregenetics.org\/wp-content\/uploads\/2015\/10\/0623_Drawing_a_FHx_worksheet-620x440.jpg 620w, https:\/\/www.primarycaregenetics.org\/wp-content\/uploads\/2015\/10\/0623_Drawing_a_FHx_worksheet-940x667.jpg 940w\" sizes=\"(max-width: 300px) 100vw, 300px\" \/><\/p>\n<p><img loading=\"lazy\" class=\"alignleft size-thumbnail wp-image-861\" src=\"https:\/\/www.primarycaregenetics.org\/wp-content\/uploads\/2015\/10\/Family-pedigree-drawing-blank-sheet-300x212.jpg\" alt=\"Family pedigree drawing blank sheet\" width=\"300\" height=\"212\" srcset=\"https:\/\/www.primarycaregenetics.org\/wp-content\/uploads\/2015\/10\/Family-pedigree-drawing-blank-sheet-300x212.jpg 300w, https:\/\/www.primarycaregenetics.org\/wp-content\/uploads\/2015\/10\/Family-pedigree-drawing-blank-sheet-620x438.jpg 620w, https:\/\/www.primarycaregenetics.org\/wp-content\/uploads\/2015\/10\/Family-pedigree-drawing-blank-sheet-768x543.jpg 768w, https:\/\/www.primarycaregenetics.org\/wp-content\/uploads\/2015\/10\/Family-pedigree-drawing-blank-sheet-940x665.jpg 940w, https:\/\/www.primarycaregenetics.org\/wp-content\/uploads\/2015\/10\/Family-pedigree-drawing-blank-sheet-100x70.jpg 100w\" sizes=\"(max-width: 300px) 100vw, 300px\" \/><\/p>\n<p>&nbsp;<\/p>\n<p>&nbsp;<\/p>\n<p>&nbsp;<\/p>\n<p>&nbsp;<\/p>\n<p>&nbsp;<\/p>\n<p>&nbsp;<\/p>\n<p>Vi\u00f0 h\u00f6fum b\u00fai\u00f0 til nokkur stutt myndb\u00f6nd sem geta s\u00fdnt \u00fe\u00e9r hvernig taka \u00e1 fj\u00f6lskyldus\u00f6gu.<\/p>\n<p>We have created some videos to help you think about how to take a family history in practice.<\/p>\n<p>Hvers \u00e1 a\u00f0 spyrja?<\/p>\n<p><iframe loading=\"lazy\" title=\"Julia&#039;s family history New\" width=\"675\" height=\"380\" src=\"https:\/\/www.youtube.com\/embed\/KqI3R6IevL4?feature=oembed\" frameborder=\"0\" allow=\"accelerometer; autoplay; encrypted-media; gyroscope; picture-in-picture\" allowfullscreen><\/iframe><\/p>\n<p>Arfgengt krabbamein &#8211; spurningar<\/p>\n<p><iframe loading=\"lazy\" title=\"Laura&#039;s family history\" width=\"675\" height=\"380\" src=\"https:\/\/www.youtube.com\/embed\/w-gTrIxxB2Q?feature=oembed\" frameborder=\"0\" allow=\"accelerometer; autoplay; encrypted-media; gyroscope; picture-in-picture\" allowfullscreen><\/iframe><\/p>\n<p>Teikna \u00e6ttartr\u00e9<\/p>\n<p><iframe loading=\"lazy\" title=\"Julia&#039;s family tree\" width=\"675\" height=\"380\" src=\"https:\/\/www.youtube.com\/embed\/0Fl6ZmDggIM?feature=oembed\" frameborder=\"0\" allow=\"accelerometer; autoplay; encrypted-media; gyroscope; picture-in-picture\" allowfullscreen><\/iframe><\/p>\n","protected":false},"excerpt":{"rendered":"<p>Myndband (webinar) \u00e1 \u00edslensku um \u00fea\u00f0 hvernig taka \u00e1 fj\u00f6lskyldus\u00f6gu&nbsp;https:\/\/www.primarycaregenetics.org\/wp-content\/uploads\/2017\/06\/2017-04-30-10.42-A\u00f0-taka-fj\u00f6lskyldus\u00f6gu.mp4 Myndband (webinar) \u00e1 \u00edslensku um \u00fea\u00f0 hvernig teikna \u00e1 fj\u00f6lskyldus\u00f6gu&nbsp;https:\/\/www.primarycaregenetics.org\/wp-content\/uploads\/2017\/06\/2017-04-30-11.23-A\u00f0-teikna-\u00e6ttartr\u00e9.mp4 Myndband (\u00e1 ensku) sem s\u00fdnir hvernig taka \u00e1 fj\u00f6lskyldus\u00f6gu H\u00e9r er vinnubla\u00f0 sem gott er a\u00f0 nota \u00feegar tekin er fj\u00f6lskyldusaga og&nbsp;autt bla\u00f0 fyrir \u00e6ttartr\u00e9.&nbsp;&nbsp;H\u00e6gt er a\u00f0 prenta \u00feau \u00fat. &nbsp; &nbsp; &nbsp; &nbsp; &nbsp; &nbsp; Vi\u00f0 h\u00f6fum b\u00fai\u00f0 til nokkur stutt myndb\u00f6nd sem geta s\u00fdnt \u00fe\u00e9r hvernig taka \u00e1 fj\u00f6lskyldus\u00f6gu. We have created some videos to help you think [&#8230;]<\/p>\n","protected":false},"author":3,"featured_media":0,"parent":1380,"menu_order":0,"comment_status":"closed","ping_status":"closed","template":"template-fullwidth.php","meta":{"ngg_post_thumbnail":0},"_links":{"self":[{"href":"https:\/\/www.primarycaregenetics.org\/index.php?rest_route=\/wp\/v2\/pages\/1382"}],"collection":[{"href":"https:\/\/www.primarycaregenetics.org\/index.php?rest_route=\/wp\/v2\/pages"}],"about":[{"href":"https:\/\/www.primarycaregenetics.org\/index.php?rest_route=\/wp\/v2\/types\/page"}],"author":[{"embeddable":true,"href":"https:\/\/www.primarycaregenetics.org\/index.php?rest_route=\/wp\/v2\/users\/3"}],"replies":[{"embeddable":true,"href":"https:\/\/www.primarycaregenetics.org\/index.php?rest_route=%2Fwp%2Fv2%2Fcomments&post=1382"}],"version-history":[{"count":5,"href":"https:\/\/www.primarycaregenetics.org\/index.php?rest_route=\/wp\/v2\/pages\/1382\/revisions"}],"predecessor-version":[{"id":2844,"href":"https:\/\/www.primarycaregenetics.org\/index.php?rest_route=\/wp\/v2\/pages\/1382\/revisions\/2844"}],"up":[{"embeddable":true,"href":"https:\/\/www.primarycaregenetics.org\/index.php?rest_route=\/wp\/v2\/pages\/1380"}],"wp:attachment":[{"href":"https:\/\/www.primarycaregenetics.org\/index.php?rest_route=%2Fwp%2Fv2%2Fmedia&parent=1382"}],"curies":[{"name":"wp","href":"https:\/\/api.w.org\/{rel}","templated":true}]}}