{"id":1832,"date":"2017-05-04T10:33:26","date_gmt":"2017-05-04T10:33:26","guid":{"rendered":"https:\/\/www.primarycaregenetics.org\/?page_id=1832"},"modified":"2019-06-27T20:08:46","modified_gmt":"2019-06-27T20:08:46","slug":"sogur-sjuklinga-video-a-ensku","status":"publish","type":"page","link":"https:\/\/www.primarycaregenetics.org\/?page_id=1832&lang=is","title":{"rendered":"S\u00f6gur sj\u00faklinga"},"content":{"rendered":"<p>H\u00e9r eru s\u00f6gu einstaklinga sem anna\u00f0 hvort eru sj\u00e1lfir e\u00f0a hafa umsj\u00f3n me\u00f0 \u00f6\u00f0rum sem hafa erf\u00f0asj\u00fakd\u00f3ma. Myndb\u00f6ndin eru \u00f6ll \u00e1 ensku.&nbsp;<\/p>\n<p>&nbsp;<\/p>\n<ul>\n<li><a href=\"https:\/\/www.primarycaregenetics.org\/?page_id=1771&amp;lang=en\">Familial breast and ovarian cancer<\/a> \u2013 kona greind me\u00f0 brj\u00f3stakrabbamein<\/li>\n<li><a href=\"https:\/\/www.primarycaregenetics.org\/?page_id=1759&amp;lang=en\">Inherited cardiac condition<\/a> \u2013 karlma\u00f0ur me\u00f0 cardiomyopathy og m\u00f3\u00f0ir sem missti barn vegna hjartasj\u00faikd\u00f3ms<\/li>\n<li><a href=\"https:\/\/www.primarycaregenetics.org\/?page_id=1754&amp;lang=en\">Child with a genetic condition <\/a>&#8211; m\u00f3\u00f0ir r\u00e6\u00f0ir um d\u00f3ttur s\u00edna sem er me\u00f0 <a href=\"https:\/\/www.primarycaregenetics.org\/?page_id=1794&amp;lang=en\">\u00feroskavandam\u00e1l<\/a>.<\/li>\n<li>The mother of a teenager who died suddenly from an inherited cardiac condition.<\/li>\n<\/ul>\n<p>Our thanks to the patients who were willing to tell their stories, and to Genetic Alliance UK.&nbsp;<\/p>\n","protected":false},"excerpt":{"rendered":"<p>H\u00e9r eru s\u00f6gu einstaklinga sem anna\u00f0 hvort eru sj\u00e1lfir e\u00f0a hafa umsj\u00f3n me\u00f0 \u00f6\u00f0rum sem hafa erf\u00f0asj\u00fakd\u00f3ma. Myndb\u00f6ndin eru \u00f6ll \u00e1 ensku.&nbsp; &nbsp; Familial breast and ovarian cancer \u2013 kona greind me\u00f0 brj\u00f3stakrabbamein Inherited cardiac condition \u2013 karlma\u00f0ur me\u00f0 cardiomyopathy og m\u00f3\u00f0ir sem missti barn vegna hjartasj\u00faikd\u00f3ms Child with a genetic condition &#8211; m\u00f3\u00f0ir r\u00e6\u00f0ir um d\u00f3ttur s\u00edna sem er me\u00f0 \u00feroskavandam\u00e1l. The mother of a teenager who died suddenly from an inherited cardiac condition. Our thanks to the patients [&#8230;]<\/p>\n","protected":false},"author":3,"featured_media":0,"parent":0,"menu_order":0,"comment_status":"closed","ping_status":"closed","template":"template-fullwidth.php","meta":{"ngg_post_thumbnail":0},"_links":{"self":[{"href":"https:\/\/www.primarycaregenetics.org\/index.php?rest_route=\/wp\/v2\/pages\/1832"}],"collection":[{"href":"https:\/\/www.primarycaregenetics.org\/index.php?rest_route=\/wp\/v2\/pages"}],"about":[{"href":"https:\/\/www.primarycaregenetics.org\/index.php?rest_route=\/wp\/v2\/types\/page"}],"author":[{"embeddable":true,"href":"https:\/\/www.primarycaregenetics.org\/index.php?rest_route=\/wp\/v2\/users\/3"}],"replies":[{"embeddable":true,"href":"https:\/\/www.primarycaregenetics.org\/index.php?rest_route=%2Fwp%2Fv2%2Fcomments&post=1832"}],"version-history":[{"count":3,"href":"https:\/\/www.primarycaregenetics.org\/index.php?rest_route=\/wp\/v2\/pages\/1832\/revisions"}],"predecessor-version":[{"id":2813,"href":"https:\/\/www.primarycaregenetics.org\/index.php?rest_route=\/wp\/v2\/pages\/1832\/revisions\/2813"}],"wp:attachment":[{"href":"https:\/\/www.primarycaregenetics.org\/index.php?rest_route=%2Fwp%2Fv2%2Fmedia&parent=1832"}],"curies":[{"name":"wp","href":"https:\/\/api.w.org\/{rel}","templated":true}]}}

Sögur sjúklinga

<p>Hér eru sögu einstaklinga sem annað hvort eru sjálfir eða hafa umsjón með öðrum sem hafa erfðasjúkdóma. Myndböndin eru öll á ensku.&nbsp;</p>
<p>&nbsp;</p>
<ul>
<li><a href="https://www.primarycaregenetics.org/?page_id=1771&amp;lang=en">Familial breast and ovarian cancer</a> – kona greind með brjóstakrabbamein</li>
<li><a href="https://www.primarycaregenetics.org/?page_id=1759&amp;lang=en">Inherited cardiac condition</a> – karlmaður með cardiomyopathy og móðir sem missti barn vegna hjartasjúikdóms</li>
<li><a href="https://www.primarycaregenetics.org/?page_id=1754&amp;lang=en">Child with a genetic condition </a>&#8211; móðir ræðir um dóttur sína sem er með <a href="https://www.primarycaregenetics.org/?page_id=1794&amp;lang=en">þroskavandamál</a>.</li>
<li>The mother of a teenager who died suddenly from an inherited cardiac condition.</li>
</ul>
<p>Our thanks to the patients who were willing to tell their stories, and to Genetic Alliance UK.&nbsp;</p>

<p>Hér eru sögu einstaklinga sem annað hvort eru sjálfir eða hafa umsjón með öðrum sem hafa erfðasjúkdóma. Myndböndin eru öll á ensku.&nbsp; &nbsp; Familial breast and ovarian cancer – kona greind með brjóstakrabbamein Inherited cardiac condition – karlmaður með cardiomyopathy og móðir sem missti barn vegna hjartasjúikdóms Child with a genetic condition &#8211; móðir ræðir um dóttur sína sem er með þroskavandamál. The mother of a teenager who died suddenly from an inherited cardiac condition. Our thanks to the patients [&#8230;]</p>
