{"id":1874,"date":"2017-05-28T07:13:29","date_gmt":"2017-05-28T07:13:29","guid":{"rendered":"https:\/\/www.primarycaregenetics.org\/?page_id=1874"},"modified":"2017-05-28T07:14:19","modified_gmt":"2017-05-28T07:14:19","slug":"conhecer-a-doenca","status":"publish","type":"page","link":"https:\/\/www.primarycaregenetics.org\/?page_id=1874&lang=pt","title":{"rendered":"Conhecer a doen\u00e7a"},"content":{"rendered":"<p>&nbsp;<\/p>\n<ol>\n<li>Associa\u00e7\u00f5es de Doentes<\/li>\n<li>Booklets<\/li>\n<\/ol>\n<p>O trabalho, desenvolvido no Ipatimup e financiado pela Funda\u00e7\u00e3o Calouste Gulbenkian, teve como ponto de partida entrevistas a doentes oncol\u00f3gicos, cujas viv\u00eancias, d\u00favidas e iliteracia em rela\u00e7\u00e3o ao cancro impulsionaram a elabora\u00e7\u00e3o de uma s\u00e9rie de booklets com a chancela da Direc\u00e7\u00e3o Geral de Sa\u00fade. Dedicados aos cancros de c\u00f3lon, es\u00f3fago, mama, pr\u00f3stata, pulm\u00e3o, est\u00f4mago, bexiga e tir\u00f3ide, cont\u00eam uma linguagem acess\u00edvel e educativa, capaz de desconstruir medos, mitos e termos m\u00e9dicos habitualmente incompreens\u00edveis.<\/p>\n<p><a href=\"http:\/\/conheceradoenca.ipatimup.pt\/indexpt\/\">http:\/\/conheceradoenca.ipatimup.pt\/indexpt\/<\/a><\/p>\n<p>&nbsp;<\/p>\n<p>&nbsp;<\/p>\n<p>&nbsp;<\/p>\n<p><strong>Cancer Genetics App<\/strong><\/p>\n<p>An app that enables you to make a quick risk assessment for patients who might be at risk of inherited cancer.<\/p>\n<p>http:\/\/www.ubqo.com\/cancergenetics<\/p>\n","protected":false},"excerpt":{"rendered":"<p>&nbsp; Associa\u00e7\u00f5es de Doentes Booklets O trabalho, desenvolvido no Ipatimup e financiado pela Funda\u00e7\u00e3o Calouste Gulbenkian, teve como ponto de partida entrevistas a doentes oncol\u00f3gicos, cujas viv\u00eancias, d\u00favidas e iliteracia em rela\u00e7\u00e3o ao cancro impulsionaram a elabora\u00e7\u00e3o de uma s\u00e9rie de booklets com a chancela da Direc\u00e7\u00e3o Geral de Sa\u00fade. Dedicados aos cancros de c\u00f3lon, es\u00f3fago, mama, pr\u00f3stata, pulm\u00e3o, est\u00f4mago, bexiga e tir\u00f3ide, cont\u00eam uma linguagem acess\u00edvel e educativa, capaz de desconstruir medos, mitos e termos m\u00e9dicos habitualmente incompreens\u00edveis. http:\/\/conheceradoenca.ipatimup.pt\/indexpt\/ [&#8230;]<\/p>\n","protected":false},"author":3,"featured_media":0,"parent":967,"menu_order":0,"comment_status":"closed","ping_status":"closed","template":"template-fullwidth.php","meta":{"ngg_post_thumbnail":0},"_links":{"self":[{"href":"https:\/\/www.primarycaregenetics.org\/index.php?rest_route=\/wp\/v2\/pages\/1874"}],"collection":[{"href":"https:\/\/www.primarycaregenetics.org\/index.php?rest_route=\/wp\/v2\/pages"}],"about":[{"href":"https:\/\/www.primarycaregenetics.org\/index.php?rest_route=\/wp\/v2\/types\/page"}],"author":[{"embeddable":true,"href":"https:\/\/www.primarycaregenetics.org\/index.php?rest_route=\/wp\/v2\/users\/3"}],"replies":[{"embeddable":true,"href":"https:\/\/www.primarycaregenetics.org\/index.php?rest_route=%2Fwp%2Fv2%2Fcomments&post=1874"}],"version-history":[{"count":1,"href":"https:\/\/www.primarycaregenetics.org\/index.php?rest_route=\/wp\/v2\/pages\/1874\/revisions"}],"predecessor-version":[{"id":1909,"href":"https:\/\/www.primarycaregenetics.org\/index.php?rest_route=\/wp\/v2\/pages\/1874\/revisions\/1909"}],"up":[{"embeddable":true,"href":"https:\/\/www.primarycaregenetics.org\/index.php?rest_route=\/wp\/v2\/pages\/967"}],"wp:attachment":[{"href":"https:\/\/www.primarycaregenetics.org\/index.php?rest_route=%2Fwp%2Fv2%2Fmedia&parent=1874"}],"curies":[{"name":"wp","href":"https:\/\/api.w.org\/{rel}","templated":true}]}}