{"id":2325,"date":"2017-09-17T20:37:12","date_gmt":"2017-09-17T20:37:12","guid":{"rendered":"https:\/\/www.primarycaregenetics.org\/?page_id=2325"},"modified":"2019-06-28T11:36:34","modified_gmt":"2019-06-28T11:36:34","slug":"mismunandi-erfdamati-myndbond","status":"publish","type":"page","link":"https:\/\/www.primarycaregenetics.org\/?page_id=2325&lang=is","title":{"rendered":"Mismunandi erf\u00f0am\u00e1ti &#8211; myndb\u00f6nd"},"content":{"rendered":"<p>Hlekkir \u00ed stutt (\u00e1 ensku) myndb\u00f6nd sem sk\u00fdra mismunandi erf\u00f0am\u00e1ta. \u00deau eru birt me\u00f0 g\u00f3\u00f0f\u00faslegu leyfi University College Dublin og eru h\u00e9r:<\/p>\n<p><a href=\"http:\/\/www.geneticseducation.nhs.uk\/mededu\/modes-of-inheritance\">http:\/\/www.geneticseducation.nhs.uk\/mededu\/modes-of-inheritance<\/a><\/p>\n<p><a href=\"http:\/\/www.ucd.ie\/medicine\/rarediseases\/understandinggeneticdisorders\">http:\/\/www.ucd.ie\/medicine\/rarediseases\/understandinggeneticdisorders<\/a>\/<\/p>\n<p><strong>Skyldleikagiftingar (English) <\/strong>&nbsp;&nbsp;<\/p>\n<p><a href=\"https:\/\/youtu.be\/wylthWcWRgY?list=UUyJ2Pd2k-xdScQFn4YXG91Q\">https:\/\/youtu.be\/wylthWcWRgY?list=UUyJ2Pd2k-xdScQFn4YXG91Q<\/a><\/p>\n<p><strong>&nbsp;<\/strong><\/p>\n<p><strong>R\u00edkjandi erf\u00f0ir (English)<\/strong><\/p>\n<p><iframe loading=\"lazy\" src=\"https:\/\/www.youtube.com\/embed\/yANF0bxHpzU?feature=oembed\" width=\"675\" height=\"380\" frameborder=\"0\" allowfullscreen=\"allowfullscreen\" data-mce-fragment=\"1\"><\/iframe><\/p>\n<p>&nbsp;<\/p>\n<p><strong>V\u00edkjandi A-litnings erf\u00f0ir (English)<\/strong><\/p>\n<p><iframe loading=\"lazy\" src=\"https:\/\/www.youtube.com\/embed\/_oVvTkjDm6g?feature=oembed\" width=\"675\" height=\"380\" frameborder=\"0\" allowfullscreen=\"allowfullscreen\" data-mce-fragment=\"1\"><\/iframe><\/p>\n<p>&nbsp;<\/p>\n<p><strong>Kynbundnar X-litnings erf\u00f0ir (English)<\/strong><\/p>\n<p><a href=\"https:\/\/youtu.be\/_oVvTkjDm6g?list=UUyJ2Pd2k-xdScQFn4YXG91Q\">https:\/\/youtu.be\/_oVvTkjDm6g?list=UUyJ2Pd2k-xdScQFn4YXG91Q<\/a>r<\/p>\n","protected":false},"excerpt":{"rendered":"<p>Hlekkir \u00ed stutt (\u00e1 ensku) myndb\u00f6nd sem sk\u00fdra mismunandi erf\u00f0am\u00e1ta. \u00deau eru birt me\u00f0 g\u00f3\u00f0f\u00faslegu leyfi University College Dublin og eru h\u00e9r: http:\/\/www.geneticseducation.nhs.uk\/mededu\/modes-of-inheritance http:\/\/www.ucd.ie\/medicine\/rarediseases\/understandinggeneticdisorders\/ Skyldleikagiftingar (English) &nbsp;&nbsp; https:\/\/youtu.be\/wylthWcWRgY?list=UUyJ2Pd2k-xdScQFn4YXG91Q &nbsp; R\u00edkjandi erf\u00f0ir (English) &nbsp; V\u00edkjandi A-litnings erf\u00f0ir (English) &nbsp; Kynbundnar X-litnings erf\u00f0ir (English) https:\/\/youtu.be\/_oVvTkjDm6g?list=UUyJ2Pd2k-xdScQFn4YXG91Qr<\/p>\n","protected":false},"author":3,"featured_media":0,"parent":780,"menu_order":0,"comment_status":"closed","ping_status":"closed","template":"","meta":{"ngg_post_thumbnail":0},"_links":{"self":[{"href":"https:\/\/www.primarycaregenetics.org\/index.php?rest_route=\/wp\/v2\/pages\/2325"}],"collection":[{"href":"https:\/\/www.primarycaregenetics.org\/index.php?rest_route=\/wp\/v2\/pages"}],"about":[{"href":"https:\/\/www.primarycaregenetics.org\/index.php?rest_route=\/wp\/v2\/types\/page"}],"author":[{"embeddable":true,"href":"https:\/\/www.primarycaregenetics.org\/index.php?rest_route=\/wp\/v2\/users\/3"}],"replies":[{"embeddable":true,"href":"https:\/\/www.primarycaregenetics.org\/index.php?rest_route=%2Fwp%2Fv2%2Fcomments&post=2325"}],"version-history":[{"count":3,"href":"https:\/\/www.primarycaregenetics.org\/index.php?rest_route=\/wp\/v2\/pages\/2325\/revisions"}],"predecessor-version":[{"id":2849,"href":"https:\/\/www.primarycaregenetics.org\/index.php?rest_route=\/wp\/v2\/pages\/2325\/revisions\/2849"}],"up":[{"embeddable":true,"href":"https:\/\/www.primarycaregenetics.org\/index.php?rest_route=\/wp\/v2\/pages\/780"}],"wp:attachment":[{"href":"https:\/\/www.primarycaregenetics.org\/index.php?rest_route=%2Fwp%2Fv2%2Fmedia&parent=2325"}],"curies":[{"name":"wp","href":"https:\/\/api.w.org\/{rel}","templated":true}]}}