{"id":2413,"date":"2017-10-28T23:36:51","date_gmt":"2017-10-28T23:36:51","guid":{"rendered":"https:\/\/www.primarycaregenetics.org\/?page_id=2413"},"modified":"2017-11-22T15:45:48","modified_gmt":"2017-11-22T15:45:48","slug":"medganga-ii-spurningar","status":"publish","type":"page","link":"https:\/\/www.primarycaregenetics.org\/?page_id=2413&lang=is","title":{"rendered":"Me\u00f0ganga II &#8211; spurningar"},"content":{"rendered":"<p>Athugi\u00f0 a\u00f0 ekki er h\u00e6gt a\u00f0 rekja sv\u00f6rin. IP adressa er ekki s\u00f3tt e\u00f0a geymd.<br \/>\n<script>(function(t,e,s,n){var o,a,c;t.SMCX=t.SMCX||[],e.getElementById(n)||(o=e.getElementsByTagName(s),a=o[o.length-1],c=e.createElement(s),c.type=\"text\/javascript\",c.async=!0,c.id=n,c.src=[\"https:\"===location.protocol?\"https:\/\/\":\"http:\/\/\",\"widget.surveymonkey.com\/collect\/website\/js\/tRaiETqnLgj758hTBazgd3gxfRMPsz1GNXYWj3ACNHD3RLus4IGFFTABJpXbc0Jt.js\"].join(\"\"),a.parentNode.insertBefore(c,a))})(window,document,\"script\",\"smcx-sdk\");<\/script><a style=\"font: 12px Helvetica, sans-serif; color: #999; text-decoration: none;\" \n<\/p>\n","protected":false},"excerpt":{"rendered":"<p>Athugi\u00f0 a\u00f0 ekki er h\u00e6gt a\u00f0 rekja sv\u00f6rin. IP adressa er ekki s\u00f3tt e\u00f0a geymd.<\/p>\n","protected":false},"author":3,"featured_media":0,"parent":1160,"menu_order":0,"comment_status":"closed","ping_status":"closed","template":"template-fullwidth.php","meta":{"ngg_post_thumbnail":0},"_links":{"self":[{"href":"https:\/\/www.primarycaregenetics.org\/index.php?rest_route=\/wp\/v2\/pages\/2413"}],"collection":[{"href":"https:\/\/www.primarycaregenetics.org\/index.php?rest_route=\/wp\/v2\/pages"}],"about":[{"href":"https:\/\/www.primarycaregenetics.org\/index.php?rest_route=\/wp\/v2\/types\/page"}],"author":[{"embeddable":true,"href":"https:\/\/www.primarycaregenetics.org\/index.php?rest_route=\/wp\/v2\/users\/3"}],"replies":[{"embeddable":true,"href":"https:\/\/www.primarycaregenetics.org\/index.php?rest_route=%2Fwp%2Fv2%2Fcomments&post=2413"}],"version-history":[{"count":3,"href":"https:\/\/www.primarycaregenetics.org\/index.php?rest_route=\/wp\/v2\/pages\/2413\/revisions"}],"predecessor-version":[{"id":2478,"href":"https:\/\/www.primarycaregenetics.org\/index.php?rest_route=\/wp\/v2\/pages\/2413\/revisions\/2478"}],"up":[{"embeddable":true,"href":"https:\/\/www.primarycaregenetics.org\/index.php?rest_route=\/wp\/v2\/pages\/1160"}],"wp:attachment":[{"href":"https:\/\/www.primarycaregenetics.org\/index.php?rest_route=%2Fwp%2Fv2%2Fmedia&parent=2413"}],"curies":[{"name":"wp","href":"https:\/\/api.w.org\/{rel}","templated":true}]}}