{"id":2814,"date":"2019-06-27T20:15:09","date_gmt":"2019-06-27T20:15:09","guid":{"rendered":"https:\/\/www.primarycaregenetics.org\/?page_id=2814"},"modified":"2019-06-27T20:15:13","modified_gmt":"2019-06-27T20:15:13","slug":"klinisk-erfdafraedi-og-erfdaradgjof","status":"publish","type":"page","link":"https:\/\/www.primarycaregenetics.org\/?page_id=2814&lang=is","title":{"rendered":"Kl\u00edn\u00edsk erf\u00f0afr\u00e6\u00f0i og erf\u00f0ar\u00e1\u00f0gj\u00f6f"},"content":{"rendered":"\n<p>Erf\u00f0a- og sameindal\u00e6knisfr\u00e6\u00f0ideild LSH s\u00e9r um erf\u00f0a- og litningaranns\u00f3knir, b\u00e6\u00f0i \u00fe\u00e6r sem ger\u00f0ar eru \u00e1 \u00cdslandi og sendar erlendis. <\/p>\n\n\n\n<p>Deildin sinnir alhli\u00f0a erf\u00f0aheilbrig\u00f0is\u00fej\u00f3nustu. A\u00f0als\u00edmi deildarinnar er 543 5070 og p\u00f3stfang: esd@landspitali.is. <\/p>\n\n\n\n<p>Ekki \u00fearf tilv\u00edsun \u00ed erf\u00f0ar\u00e1\u00f0gj\u00f6f en be\u00f0i\u00f0 er um \u00e1kve\u00f0nar uppl\u00fdsingar fyrir vi\u00f0tal. <\/p>\n","protected":false},"excerpt":{"rendered":"<p>Erf\u00f0a- og sameindal\u00e6knisfr\u00e6\u00f0ideild LSH s\u00e9r um erf\u00f0a- og litningaranns\u00f3knir, b\u00e6\u00f0i \u00fe\u00e6r sem ger\u00f0ar eru \u00e1 \u00cdslandi og sendar erlendis. Deildin sinnir alhli\u00f0a erf\u00f0aheilbrig\u00f0is\u00fej\u00f3nustu. A\u00f0als\u00edmi deildarinnar er 543 5070 og p\u00f3stfang: esd@landspitali.is. Ekki \u00fearf tilv\u00edsun \u00ed erf\u00f0ar\u00e1\u00f0gj\u00f6f en be\u00f0i\u00f0 er um \u00e1kve\u00f0nar uppl\u00fdsingar fyrir vi\u00f0tal.<\/p>\n","protected":false},"author":3,"featured_media":0,"parent":0,"menu_order":0,"comment_status":"closed","ping_status":"closed","template":"template-fullwidth.php","meta":{"ngg_post_thumbnail":0},"_links":{"self":[{"href":"https:\/\/www.primarycaregenetics.org\/index.php?rest_route=\/wp\/v2\/pages\/2814"}],"collection":[{"href":"https:\/\/www.primarycaregenetics.org\/index.php?rest_route=\/wp\/v2\/pages"}],"about":[{"href":"https:\/\/www.primarycaregenetics.org\/index.php?rest_route=\/wp\/v2\/types\/page"}],"author":[{"embeddable":true,"href":"https:\/\/www.primarycaregenetics.org\/index.php?rest_route=\/wp\/v2\/users\/3"}],"replies":[{"embeddable":true,"href":"https:\/\/www.primarycaregenetics.org\/index.php?rest_route=%2Fwp%2Fv2%2Fcomments&post=2814"}],"version-history":[{"count":1,"href":"https:\/\/www.primarycaregenetics.org\/index.php?rest_route=\/wp\/v2\/pages\/2814\/revisions"}],"predecessor-version":[{"id":2821,"href":"https:\/\/www.primarycaregenetics.org\/index.php?rest_route=\/wp\/v2\/pages\/2814\/revisions\/2821"}],"wp:attachment":[{"href":"https:\/\/www.primarycaregenetics.org\/index.php?rest_route=%2Fwp%2Fv2%2Fmedia&parent=2814"}],"curies":[{"name":"wp","href":"https:\/\/api.w.org\/{rel}","templated":true}]}}

Klínísk erfðafræði og erfðaráðgjöf

<p>Erfða- og sameindalæknisfræðideild LSH sér um erfða- og litningarannsóknir, bæði þær sem gerðar eru á Íslandi og sendar erlendis. </p>



<p>Deildin sinnir alhliða erfðaheilbrigðisþjónustu. Aðalsími deildarinnar er 543 5070 og póstfang: esd@landspitali.is. </p>



<p>Ekki þarf tilvísun í erfðaráðgjöf en beðið er um ákveðnar upplýsingar fyrir viðtal. </p>

<p>Erfða- og sameindalæknisfræðideild LSH sér um erfða- og litningarannsóknir, bæði þær sem gerðar eru á Íslandi og sendar erlendis. Deildin sinnir alhliða erfðaheilbrigðisþjónustu. Aðalsími deildarinnar er 543 5070 og póstfang: esd@landspitali.is. Ekki þarf tilvísun í erfðaráðgjöf en beðið er um ákveðnar upplýsingar fyrir viðtal.</p>
