{"id":760,"date":"2016-01-11T14:26:29","date_gmt":"2016-01-11T14:26:29","guid":{"rendered":"https:\/\/www.primarycaregenetics.org\/?page_id=760"},"modified":"2016-03-18T15:30:26","modified_gmt":"2016-03-18T15:30:26","slug":"portugal","status":"publish","type":"page","link":"https:\/\/www.primarycaregenetics.org\/?page_id=760&lang=is","title":{"rendered":"Port\u00fagal"},"content":{"rendered":"<!--[if lt IE 9]><script>document.createElement('audio');<\/script><![endif]-->\n<audio class=\"wp-audio-shortcode\" id=\"audio-760-1\" preload=\"none\" style=\"width: 100%;\" controls=\"controls\"><source type=\"audio\/mpeg\" src=\"https:\/\/www.primarycaregenetics.org\/wp-content\/uploads\/2015\/07\/Genetica-audio.m4a?_=1\" \/><a href=\"https:\/\/www.primarycaregenetics.org\/wp-content\/uploads\/2015\/07\/Genetica-audio.m4a\">https:\/\/www.primarycaregenetics.org\/wp-content\/uploads\/2015\/07\/Genetica-audio.m4a<\/a><\/audio>\n<p><img loading=\"lazy\" class=\"alignleft size-thumbnail wp-image-444\" src=\"https:\/\/www.primarycaregenetics.org\/wp-content\/uploads\/2015\/07\/IMG_3683-300x349.jpg\" alt=\"IMG_3683\" width=\"300\" height=\"349\" \/><\/p>\n<p>Euanto m\u00e9dica de fam\u00edlia, a fam\u00edlia \u00e9 a base de todo o meu trabalho, presto cuidados a v\u00e1rios membros da mesma fam\u00edlia, desde a concep\u00e7\u00e3o at\u00e9 \u00e0 3\u00aa idade. Estou numa posi\u00e7\u00e3o privilegiada para detectar padr\u00f5es que sugiram doen\u00e7as heredit\u00e1rias e encaminhar os utentes para aconselhamento gen\u00e9tico quando necess\u00e1rio mas s\u00f3 o poderei fazer se estiver ciente da sua import\u00e2ncia e com adequada forma\u00e7\u00e3o. Faz parte do meu dia a dia a recolha dos antecedentes familiares de cada utente, identificar indiv\u00edduos de risco e orient\u00e1-los, bem como aos restantes elementos da fam\u00edlia. Gestos simples como durante a gravidez alertar a gr\u00e1vida para a import\u00e2ncia do teste do pezinho quando o beb\u00e9 nascer. Explicar em que consiste o diagn\u00f3stico pr\u00e9-natal e apoiar os futuros pais na sua decis\u00e3o. Quando proponho um determinado rastreio a um utente (por exemplo da mama ou do c\u00f3lon) poder discutir qual a idade ideal para o iniciar.nq<\/p>\n<p>&nbsp;<\/p>\n","protected":false},"excerpt":{"rendered":"<p>Euanto m\u00e9dica de fam\u00edlia, a fam\u00edlia \u00e9 a base de todo o meu trabalho, presto cuidados a v\u00e1rios membros da mesma fam\u00edlia, desde a concep\u00e7\u00e3o at\u00e9 \u00e0 3\u00aa idade. Estou numa posi\u00e7\u00e3o privilegiada para detectar padr\u00f5es que sugiram doen\u00e7as heredit\u00e1rias e encaminhar os utentes para aconselhamento gen\u00e9tico quando necess\u00e1rio mas s\u00f3 o poderei fazer se estiver ciente da sua import\u00e2ncia e com adequada forma\u00e7\u00e3o. Faz parte do meu dia a dia a recolha dos antecedentes familiares de cada utente, identificar [&#8230;]<\/p>\n","protected":false},"author":3,"featured_media":0,"parent":751,"menu_order":0,"comment_status":"closed","ping_status":"closed","template":"template-fullwidth.php","meta":{"ngg_post_thumbnail":0},"_links":{"self":[{"href":"https:\/\/www.primarycaregenetics.org\/index.php?rest_route=\/wp\/v2\/pages\/760"}],"collection":[{"href":"https:\/\/www.primarycaregenetics.org\/index.php?rest_route=\/wp\/v2\/pages"}],"about":[{"href":"https:\/\/www.primarycaregenetics.org\/index.php?rest_route=\/wp\/v2\/types\/page"}],"author":[{"embeddable":true,"href":"https:\/\/www.primarycaregenetics.org\/index.php?rest_route=\/wp\/v2\/users\/3"}],"replies":[{"embeddable":true,"href":"https:\/\/www.primarycaregenetics.org\/index.php?rest_route=%2Fwp%2Fv2%2Fcomments&post=760"}],"version-history":[{"count":3,"href":"https:\/\/www.primarycaregenetics.org\/index.php?rest_route=\/wp\/v2\/pages\/760\/revisions"}],"predecessor-version":[{"id":1125,"href":"https:\/\/www.primarycaregenetics.org\/index.php?rest_route=\/wp\/v2\/pages\/760\/revisions\/1125"}],"up":[{"embeddable":true,"href":"https:\/\/www.primarycaregenetics.org\/index.php?rest_route=\/wp\/v2\/pages\/751"}],"wp:attachment":[{"href":"https:\/\/www.primarycaregenetics.org\/index.php?rest_route=%2Fwp%2Fv2%2Fmedia&parent=760"}],"curies":[{"name":"wp","href":"https:\/\/api.w.org\/{rel}","templated":true}]}}

Portúgal

<!--[if lt IE 9]><script>document.createElement('audio');</script><![endif]-->
<audio class="wp-audio-shortcode" id="audio-760-1" preload="none" style="width: 100%;" controls="controls"><source type="audio/mpeg" src="https://www.primarycaregenetics.org/wp-content/uploads/2015/07/Genetica-audio.m4a?_=1" /><a href="https://www.primarycaregenetics.org/wp-content/uploads/2015/07/Genetica-audio.m4a">https://www.primarycaregenetics.org/wp-content/uploads/2015/07/Genetica-audio.m4a</a></audio>
<p><img loading="lazy" class="alignleft size-thumbnail wp-image-444" src="https://www.primarycaregenetics.org/wp-content/uploads/2015/07/IMG_3683-300x349.jpg" alt="IMG_3683" width="300" height="349" /></p>
<p>Euanto médica de família, a família é a base de todo o meu trabalho, presto cuidados a vários membros da mesma família, desde a concepção até à 3ª idade. Estou numa posição privilegiada para detectar padrões que sugiram doenças hereditárias e encaminhar os utentes para aconselhamento genético quando necessário mas só o poderei fazer se estiver ciente da sua importância e com adequada formação. Faz parte do meu dia a dia a recolha dos antecedentes familiares de cada utente, identificar indivíduos de risco e orientá-los, bem como aos restantes elementos da família. Gestos simples como durante a gravidez alertar a grávida para a importância do teste do pezinho quando o bebé nascer. Explicar em que consiste o diagnóstico pré-natal e apoiar os futuros pais na sua decisão. Quando proponho um determinado rastreio a um utente (por exemplo da mama ou do cólon) poder discutir qual a idade ideal para o iniciar.nq</p>
<p>&nbsp;</p>

<p>Euanto médica de família, a família é a base de todo o meu trabalho, presto cuidados a vários membros da mesma família, desde a concepção até à 3ª idade. Estou numa posição privilegiada para detectar padrões que sugiram doenças hereditárias e encaminhar os utentes para aconselhamento genético quando necessário mas só o poderei fazer se estiver ciente da sua importância e com adequada formação. Faz parte do meu dia a dia a recolha dos antecedentes familiares de cada utente, identificar [&#8230;]</p>
