{"id":961,"date":"2016-03-14T19:32:59","date_gmt":"2016-03-14T19:32:59","guid":{"rendered":"https:\/\/www.primarycaregenetics.org\/?page_id=961"},"modified":"2016-03-14T19:32:59","modified_gmt":"2016-03-14T19:32:59","slug":"precisamos-da-sua-opiniao","status":"publish","type":"page","link":"https:\/\/www.primarycaregenetics.org\/?page_id=961&lang=pt","title":{"rendered":"Precisamos da sua opini\u00e3o"},"content":{"rendered":"<p>Se \u00e9 um colega (m\u00e9dico ou enfermeira) que trabalha na aten\u00e7\u00e3o prim\u00e1ria, gostar\u00edamos de lhe perguntar sobre situa\u00e7\u00f5es cl\u00ednicas que s\u00e3o relevantes na sua pr\u00e1tica. Isto ir\u00e1 permitir-nos fornecer melhores programas educacionais.<\/p>\n<p>Por favor, marque as 12 situa\u00e7\u00f5es mais comuns que v\u00ea na pr\u00e1tica cl\u00ednica.<\/p>\n<p>Agradecemos antecipadamente a sua aten\u00e7\u00e3o.<\/p>\n<ul>\n<li>MS: A morte s\u00fabita inesperada numa crian\u00e7a saud\u00e1vel ou jovens adultos<\/li>\n<li>SMSL: a morte s\u00fabita do latente<\/li>\n<li>M\u00faltiplos abortos (\u22653)<\/li>\n<li>Casais consangu\u00edneos<\/li>\n<li>Problemas renais em v\u00e1rios membros da fam\u00edlia<\/li>\n<li>Fraturas \u00f3sseas frequentes<\/li>\n<li>A obesidade, em que um ou ambos os pais tem diabetes tipo2<\/li>\n<li>Preocupa\u00e7\u00f5es com o s\u00edndrome de Down durante a gravidez<\/li>\n<li>Preocupa\u00e7\u00e3o em evitar ter outro filho afetado por uma doen\u00e7a que j\u00e1 afeta o filho mais velho<\/li>\n<li>Uma hist\u00f3ria familiar da doen\u00e7a de Huntington<\/li>\n<li>Uma hist\u00f3ria familiar de dem\u00eancia<\/li>\n<li>A ansiedade sobre a transmiss\u00e3o de sua pr\u00f3pria condi\u00e7\u00e3o m\u00e9dica aos seus filhos<\/li>\n<li>Uma hist\u00f3ria familiar de fibrose c\u00edstica<\/li>\n<li>Uma forte hist\u00f3ria familiar de cancro da mama<\/li>\n<li>O cancro da mama com menos de 40 anos de idade<\/li>\n<li>Um forte hist\u00f3rico familiar de cancro de intestino<\/li>\n<li>Uma forte hist\u00f3ria familiar de doen\u00e7a card\u00edaca em idade inferior aos 60 anos<\/li>\n<li>Colesterol elevado encontrado em exames m\u00e9dicos de rotina<\/li>\n<li>Rea\u00e7\u00e3o a um medicamento espec\u00edfico ou intoler\u00e2ncia a muitos medicamentos<\/li>\n<li>Poss\u00edvel problema de vis\u00e3o num filho com uma hist\u00f3ria familiar conhecida<\/li>\n<li>Poss\u00edvel problema de audi\u00e7\u00e3o com uma hist\u00f3ria familiar conhecida<\/li>\n<li>Incerteza no resultado de um teste gen\u00e9tico<\/li>\n<li>O relat\u00f3rio de um teste gen\u00e9tico comprado na Internet<\/li>\n<\/ul>\n<p>Nome<\/p>\n<p>O seu endere\u00e7o de e-mail<\/p>\n","protected":false},"excerpt":{"rendered":"<p>Se \u00e9 um colega (m\u00e9dico ou enfermeira) que trabalha na aten\u00e7\u00e3o prim\u00e1ria, gostar\u00edamos de lhe perguntar sobre situa\u00e7\u00f5es cl\u00ednicas que s\u00e3o relevantes na sua pr\u00e1tica. Isto ir\u00e1 permitir-nos fornecer melhores programas educacionais. Por favor, marque as 12 situa\u00e7\u00f5es mais comuns que v\u00ea na pr\u00e1tica cl\u00ednica. Agradecemos antecipadamente a sua aten\u00e7\u00e3o. MS: A morte s\u00fabita inesperada numa crian\u00e7a saud\u00e1vel ou jovens adultos SMSL: a morte s\u00fabita do latente M\u00faltiplos abortos (\u22653) Casais consangu\u00edneos Problemas renais em v\u00e1rios membros da fam\u00edlia Fraturas [&#8230;]<\/p>\n","protected":false},"author":3,"featured_media":0,"parent":0,"menu_order":0,"comment_status":"closed","ping_status":"closed","template":"template-fullwidth.php","meta":{"ngg_post_thumbnail":0},"_links":{"self":[{"href":"https:\/\/www.primarycaregenetics.org\/index.php?rest_route=\/wp\/v2\/pages\/961"}],"collection":[{"href":"https:\/\/www.primarycaregenetics.org\/index.php?rest_route=\/wp\/v2\/pages"}],"about":[{"href":"https:\/\/www.primarycaregenetics.org\/index.php?rest_route=\/wp\/v2\/types\/page"}],"author":[{"embeddable":true,"href":"https:\/\/www.primarycaregenetics.org\/index.php?rest_route=\/wp\/v2\/users\/3"}],"replies":[{"embeddable":true,"href":"https:\/\/www.primarycaregenetics.org\/index.php?rest_route=%2Fwp%2Fv2%2Fcomments&post=961"}],"version-history":[{"count":1,"href":"https:\/\/www.primarycaregenetics.org\/index.php?rest_route=\/wp\/v2\/pages\/961\/revisions"}],"predecessor-version":[{"id":963,"href":"https:\/\/www.primarycaregenetics.org\/index.php?rest_route=\/wp\/v2\/pages\/961\/revisions\/963"}],"wp:attachment":[{"href":"https:\/\/www.primarycaregenetics.org\/index.php?rest_route=%2Fwp%2Fv2%2Fmedia&parent=961"}],"curies":[{"name":"wp","href":"https:\/\/api.w.org\/{rel}","templated":true}]}}